 and z?
15
Let l(n) = -3*n + 39. Let c be l(-8). Calculate the greatest common divisor of c and 42.
21
Let v(c) = 211*c**2 + 2*c + 1. Suppose r = m + 3 - 4, -6 = -4*m + 5*r. Let g be v(m). Suppose -g = -4*w - w. What is the greatest common divisor of w and 6?
6
Let g be (-999)/(-7) - -5*10/175. Calculate the highest common factor of g and 13.
13
Suppose -2*j + 25 = q, -2*j - 3*q + 62 = 3*j. Let h = -6 + j. Calculate the greatest common divisor of 63 and h.
7
Suppose b = -2*r + 3*r, -3*b = 3*r - 12. Let a be 56 + (-4)/b + 0. What is the highest common factor of 6 and a?
6
Let p = 3 - 2. Let a(r) = -1 + 16*r**2 - p - 2*r + 3. Let k be a(1). What is the highest common divisor of 90 and k?
15
Suppose -341 = -3*a + 2*m, 3*a - 347 = -3*m + 2*m. Let s = a + -69. What is the greatest common factor of 23 and s?
23
Let z(a) = a + 14. Let m be z(0). What is the highest common divisor of 84 and m?
14
Let a be -2 - (2 - (10 + 1)). Suppose 0 = -a*r + 3*r - 2*n + 448, r = -5*n + 130. Suppose 2*h + r = 4*h. Calculate the greatest common factor of h and 5.
5
Let j be (12/(-4) - -6) + (-548)/(-4). What is the greatest common divisor of j and 20?
20
Suppose -10 = 2*v - 3*v + 3*w, -v + 4*w + 10 = 0. What is the greatest common factor of 160 and v?
10
Suppose -t + 9 = -16. Let j = t - 17. What is the greatest common divisor of j and 72?
8
Let v be (-4)/(-16) + (-159)/(-4). Calculate the highest common divisor of 8 and v.
8
Let a(x) = -x**3 + 8*x**2 + 11*x - 9. Let s be a(9). Let c = 12 - 9. Suppose 3*m = -m - c*u + 186, -4 = -2*u. What is the highest common divisor of m and s?
9
Let v(z) be the second derivative of z**5/5 + z**4/12 - z**3/2 + z**2 + 2*z. Let t be v(3). What is the greatest common divisor of 10 and t?
10
Let j be ((-15)/6 + 2)*0. Suppose j*y - 5*y + 10 = 0. Suppose -2*s = -2*c - 44, 2*s + 2*s + 2*c = 64. What is the greatest common factor of s and y?
2
Let d be 4*1 + -1 + 1. Let m(l) = -2*l**2 + 9*l + 10. Let n be m(5). Let s = 41 - n. What is the greatest common factor of s and d?
4
Let j = 100 - 67. Calculate the highest common divisor of j and 3.
3
Suppose -3*p + 42 = 3*j, -j = 4*j - 5*p - 110. Let g = 419 + -239. Calculate the highest common divisor of g and j.
18
Let d(t) = -t + 11. Let w be d(6). Suppose 5*h + 16 = w*v - 14, -15 = 3*h. Let f be ((-24)/(-15))/(v/65). What is the highest common divisor of f and 13?
13
Suppose -7*v + 11*v = 144. Calculate the greatest common divisor of 126 and v.
18
Let u be (39/12)/(2/8). Calculate the highest common factor of u and 65.
13
Let u = 28 + 59. What is the highest common divisor of 58 and u?
29
Let r = -37 + 59. What is the highest common factor of r and 55?
11
Suppose -10 = 2*m + 3*m, 0 = -5*o - 2*m + 71. Calculate the greatest common divisor of o and 10.
5
Suppose 3*s = 4*s, -2*s = -4*q - 64. Let k = 42 + q. Calculate the highest common divisor of 13 and k.
13
Let f = 92 - 58. Suppose 4*q - f = -3*m + 26, 5*m + 38 = q. What is the highest common divisor of q and 6?
6
Suppose 2 = -d, -5*b + 4*d = -d - 15. Suppose 1 = 3*l - 5. What is the greatest common factor of b and l?
1
Let s = -25 - -250. What is the highest common divisor of 90 and s?
45
Let m be -3 + 1/((-3)/(-15)). Suppose l + 0*l - 2 = 0, 26 = m*r - 4*l. What is the greatest common factor of 187 and r?
17
Let t = 654 + -338. Let v be (-1)/(-5) + t/20. Calculate the highest common factor of v and 176.
16
Suppose 0 = -3*p + 1 + 11. What is the greatest common divisor of 44 and p?
4
Suppose -3*d - 2*d - 2*r + 394 = 0, 4*r + 12 = 0. Suppose t = -0*t. Suppose g + 3*g - d = t. What is the greatest common divisor of 140 and g?
20
Let p be -1*12/10*40/(-3). What is the greatest common divisor of p and 24?
8
Let c(m) = -7*m + 1. Let z be c(-5). Calculate the highest common divisor of 9 and z.
9
Suppose 4*u - 54 = u. Calculate the highest common divisor of 12 and u.
6
Let u be (-1122)/(-16) - 2/16. What is the highest common factor of 14 and u?
14
Suppose 3*g + 21 - 141 = 3*n, 145 = 3*g + 2*n. Let k be (-4)/12*1*6. Let u(d) = 4*d**2 + d + 1. Let t be u(k). Calculate the greatest common factor of g and t.
15
Let a be (2 + -4)/(-2) + 2. Let d = 81 + a. What is the highest common factor of 12 and d?
12
Suppose -2 + 30 = x. What is the greatest common divisor of 70 and x?
14
Let m = 3 + 0. Suppose -2*o - 18 = -m*k, k = -0*k - 2*o - 2. Suppose -15 = -k*h + 45. Calculate the highest common divisor of 15 and h.
15
Suppose 3*o - 5 - 13 = h, -18 = -3*o + 2*h. Let u = 8 + 4. Calculate the highest common divisor of u and o.
6
Let k be (9/2)/3*154. Suppose -r + 103 = 5*f, 3*f - 5*r = -f + 94. Calculate the highest common factor of f and k.
21
Let i be 2/(-9) - (-92)/9. Let q be 6/(-15) - (-94)/i. Calculate the highest common divisor of 6 and q.
3
Let v = 5 + 1. Suppose 4*t = t + v. What is the greatest common factor of t and 14?
2
Suppose -3*l - 4 = -2*l. Let k be (2/3)/(l/(-30)). Let a(q) = q - 4. Let z be a(k). What is the highest common divisor of 8 and z?
1
Let f be ((-3)/((-6)/(-2)))/(1/(-84)). What is the greatest common divisor of 7 and f?
7
Let l be (-16)/(-1 - -3) - 2. Let n be 5/l*(-24)/1. What is the greatest common divisor of 8 and n?
4
Suppose 5*w - 8 = t, 3*w + 4*t - 5*t = 4. Let a(j) = 2*j - j**3 + 0*j**3 - 2*j + 3 - j**w. Let h be a(-3). Calculate the highest common factor of h and 231.
21
Let d = 4 - 2. Suppose 0 = a - d - 1. Suppose -p - 176 = -5*z, 0 = -5*z - a*p + 38 + 154. What is the highest common factor of z and 9?
9
Suppose -g + 3 + 1 = -2*f, 4*f - g = -10. Let x = f - -11. Let d = -35 + 59. Calculate the greatest common divisor of x and d.
8
Suppose 264 = 4*q - 484. Calculate the highest common factor of q and 17.
17
Let f(l) = l**3 - 8*l**2 - 9*l - 8. Let k be f(9). Let s = k + 8. Suppose -2*g + 75 - 7 = s. What is the greatest common factor of g and 17?
17
Let x = 116 + -100. What is the greatest common factor of 40 and x?
8
Suppose -3*m + 0*m = -105. Let h be (-575)/(-45) - 4/(-18). Suppose -3*i - h = -55. Calculate the greatest common divisor of i and m.
7
Let i(t) = t**3 - 9*t**2 + 8*t. Let f be i(8). Suppose f = -5*x - 4 + 29. Calculate the greatest common factor of 45 and x.
5
Let p(b) = -2*b**2 + 26*b - 58. Let z be p(9). What is the highest common divisor of 434 and z?
14
Suppose 5*m - 6 = -1. Let z = m - -4. Calculate the highest common factor of 40 and z.
5
Suppose 42 = 5*v - 4*r, 5*r = 2*v + r - 24. Let a be ((-3)/v)/(2/(-40)). Calculate the greatest common factor of 110 and a.
10
Let q = 9 + -4. Let j = 15 - q. Calculate the greatest common divisor of j and 110.
10
Let k = 19 - 10. Suppose -k = 3*h - 6*h. Suppose 2 = -x, -4*l + 98 = -h*x - 4. Calculate the highest common factor of 12 and l.
12
Let l = 11 - 6. Suppose 3*x - 34 = 4*g, -8 = -2*x + l*g + 24. Calculate the greatest common factor of 18 and x.
6
Let u be (12/(-8))/(2/(-88)). Let j be (-12)/(-16)*(-1 - -9). Calculate the greatest common divisor of j and u.
6
Let a be 2/(-2)*(-1 + 2). Let z be (-5)/a*(-6)/(-15). Let i = 17 - z. What is the greatest common divisor of i and 6?
3
Let h be (-2)/5 - (-396)/15. Let y = h - 15. What is the greatest common divisor of y and 11?
11
Let z be 416 - (0 + -3 + 1). Let f = z + -211. Calculate the greatest common divisor of f and 23.
23
Suppose -7 = -3*q + 2. Let f = q - 0. Suppose 224 = 7*x - f*x. What is the greatest common divisor of x and 8?
8
Suppose -5*c + 5*o + 21 - 6 = 0, 0 = -c - 4*o + 13. Suppose -c*d + 3*d + 49 = 5*z, 3*d = 2*z + 26. What is the highest common factor of 48 and d?
12
Let b(a) = 5*a**2 - 2*a + 1. Let z be b(1). Let w = 15 - 13. Suppose w*q + 37 = 109. What is the highest common factor of q and z?
4
Suppose 6*b - 1 = 23. Suppose -b*g - 3 = -5*c, -2 = -2*c + 4. Calculate the greatest common factor of g and 33.
3
Let k be ((-24)/(-5))/(6/30). Let b(l) = -l**3 - 7*l**2 - 6*l + 6. Let g be b(-6). Calculate the greatest common factor of k and g.
6
Let s be (0 - 0) + (-84 - -1). Let a = 127 + s. What is the highest common divisor of a and 22?
22
Suppose -5*u = -0*u - 40. Suppose u - 146 = -3*v. Let c = v - 31. Calculate the highest common divisor of c and 15.
15
Let m(v) = -3*v - 7. Let c be m(-2). Let j be (-2)/6 + 2/6. Let x be (j + c)*-1 + 15. What is the greatest common factor of x and 32?
16
Suppose -t